et v(m) = -7*m + 35. Let y be v(5). Let g be 761 + (y - -2)*-1. Suppose -5*o + g = 2*x, 7*x = 2*o + 2*x - 321. Calculate the highest common factor of o and 17.
17
Let g(x) = 10*x**2 + 3*x + 2. Let j = -73 - -71. Let b be g(j). Suppose 2*u = -4*u + b. Calculate the highest common divisor of u and 4.
2
Suppose v - 10614 = 4*o, -46*o + 50*o + 21256 = 2*v. What is the greatest common factor of v and 102?
34
Let c(t) = -t**2 + 254*t - 4087. Let a be c(18). Let v be (-2)/(-10) + 1148/10. Calculate the highest common factor of a and v.
23
Suppose -2*m = 29*d - 30*d - 47, 124 = 5*m + 4*d. Calculate the highest common factor of m and 220.
4
Suppose -7*s = -6*s - 24. Let f = -25 + s. Let n be ((0 - 8) + 3)*f. What is the greatest common factor of 20 and n?
5
Let t(l) = -10*l + 172. Let r be t(-4). Suppose -4*u + 638 = -s, 4*s = u - 82 - 85. What is the greatest common divisor of u and r?
53
Suppose 4*c - 301 = 5*k, -c + 158 = c - 4*k. Let f = c + 85. Suppose -f*b - 110 = -159*b. What is the highest common divisor of 88 and b?
22
Let q(i) = 30*i**2 - 6*i - 22. Let h be q(-5). Let g = h + -488. Let w be -1 - (-1 + 1 - 31). What is the highest common divisor of g and w?
30
Let x = -83 + 139. What is the greatest common factor of 266 and x?
14
Let n(b) = 20*b**2 + 2*b - 1. Let i be n(1). Let m = 3 - -57. Suppose -k + i = -m. Calculate the greatest common factor of 9 and k.
9
Suppose 1298 = 5*t - 3*c, 9*c - 12*c - 786 = -3*t. Calculate the greatest common factor of t and 120.
8
Let g = 92 - 63. Suppose -g*i + 32*i = 9. Suppose -4*f + 14 = i*f. What is the highest common factor of 2 and f?
2
Let i = 134 + -129. Suppose -670 + 75 = -i*q. Calculate the greatest common factor of q and 14.
7
Let a = -28225 + 30200. Calculate the greatest common divisor of a and 400.
25
Let x(o) = -583*o + 11719. Let l be x(20). Suppose c + 649 = w, -1174 = -3*w - 2*c + 773. What is the greatest common factor of l and w?
59
Suppose h + r = -3*h - 380, 3*h + r + 284 = 0. Let s = 168 + h. Let k = -44 + s. What is the highest common factor of k and 224?
28
Let a be -928*2/(48/(-78)). What is the highest common factor of a and 65?
13
Let d = 127 - 127. Suppose 3*y + 0*y = -m + 34, -2*m + 8 = d. Suppose -y*r + 168 = -3*r. What is the highest common factor of 192 and r?
24
Suppose 0 = -2*b + 4*f - 272, -f + 403 = -4*b + b. Let w = -107 - b. Let c be 2/2 - 3146/(-13). What is the highest common factor of w and c?
27
Let s(o) = -7*o**2 - 268*o - 57. Let t be s(-38). Calculate the highest common divisor of t and 5909.
19
Suppose 318 = 27*z - 6. Let u(l) = -4*l - 8. Let x be u(-3). Suppose c - 5*k + 2*k = 156, -2*k = -x*c + 624. What is the greatest common divisor of c and z?
12
Suppose 41*v - 80 = 2316 + 884. Suppose -2*m + 800 = 4*a, -2*a = -7*a + 5*m + 1000. What is the highest common factor of v and a?
40
Let u be (22 + -18)/(1*(-3)/(-9)). Calculate the highest common divisor of 2292 and u.
12
Let l be 188 + -116 - 75 - -12. Let n be (11/2)/((-1)/2). Let g = -2 - n. What is the greatest common divisor of g and l?
9
Let o(k) = 8*k - 1. Let i(a) = 2*a - 1. Let w(c) = 3*i(c) - o(c). Let u be w(-6). Suppose -x = -6*x + 450. Calculate the greatest common divisor of x and u.
10
Suppose 206*r = 685*r - 3132332 - 321258. What is the highest common divisor of 70 and r?
70
Let s = 3507 + -3327. What is the greatest common factor of s and 220?
20
Let y be 318/8 + (-2)/(-8). Let g be 408/30*(8 - -2). Suppose 0 = 6*p - 7*p + 6*d + 76, -2*p + g = 4*d. Calculate the highest common divisor of p and y.
10
Let h be (-3)/7 + 6507/189. Suppose 3*y = -4*a + h, -y + 2 = -4*a - 20. Calculate the highest common divisor of 147 and y.
7
Let w be 23145 - (6/(-10) - 168/(-30))*1. Calculate the greatest common divisor of 26 and w.
26
Let x(j) = -j**3 - 5*j**2 + 17*j + 92. Let c be x(-4). What is the greatest common divisor of c and 904?
8
Let f(m) = -20*m + 74. Let j be f(-21). Suppose 5*x = -4*w + j, 3*w = 3*x - 5*x + 199. Suppose 5*g = 3*g + 28. Calculate the highest common factor of g and x.
14
Let u(z) = -3*z**2 - 11*z + 24. Let d(p) = 9*p - 60. Let l be d(7). Let m be u(l). Let n be m/96 - 198/(-16). What is the highest common divisor of 132 and n?
12
Suppose 0*v = 9*v - 11052. Let y = v - 828. What is the highest common factor of y and 100?
100
Suppose -3*a + 3959 = -d, 5*a - 3*d = -8*d + 6605. Calculate the highest common divisor of a and 550.
110
Let m(n) = 7*n - 13 - 3 + 3 - 14. Let b be m(8). Let d = 144 - 28. Calculate the highest common factor of b and d.
29
Let d be ((-280)/(-14))/(-40) + (-1 - (-973)/2). What is the greatest common divisor of 20 and d?
5
Let a(u) = 2*u**2 - 30*u + 30. Let w = 222 + -207. Let z be a(w). Calculate the highest common divisor of 9 and z.
3
Let c = -1500 - -1554. What is the highest common factor of 984 and c?
6
Let i = -118071 + 118125. Suppose 63 = -2*w + 3*w. Calculate the greatest common factor of w and i.
9
Let f(l) be the second derivative of -l**3/3 + 63*l**2/2 - 31*l - 1. Let g be f(19). What is the highest common divisor of 25 and g?
25
Suppose 0 = 2*h - 2*q - 12, -3*h = 25*q - 22*q. What is the greatest common factor of 19 and h?
1
Suppose 4*m = -2*s - 40, 5*m + 19*s - 15*s = -50. Let n(h) = -2 - 12*h - 13 - 6. Let p be n(m). Calculate the highest common divisor of 66 and p.
33
Let s = 291 + -262. Suppose -14 - 1 = -3*v, 4*r - 3*v - s = 0. Calculate the greatest common divisor of 803 and r.
11
Let q(l) = 3*l**2 - 159*l - 464. Let y be q(-3). Suppose -5*t = -3*t - 32. What is the highest common divisor of y and t?
8
Let q be 1883 + -12 + 11 - (-1 - 5). What is the highest common divisor of q and 59?
59
Let a(z) = 245*z + 20. Let v be a(2). Let o = v - 501. Suppose 26 = 4*f - 10. What is the greatest common factor of o and f?
9
Suppose -7*d + 8*d = -n + 175, -5*n + 350 = 2*d. Suppose -4*r = -10*r + 42. Calculate the highest common factor of d and r.
7
Suppose 3741 - 19317 = -59*z. Calculate the greatest common divisor of z and 76.
4
Let u = 20685 - 20647. What is the highest common divisor of u and 10754?
38
Let p be 15/(540/48)*132. Let k be (2/(-5))/((-966)/240 + 4). Calculate the highest common factor of k and p.
16
Let t(u) = 2*u**2 - 2. Let z be t(4). Suppose -5*v + 13 = -3*l, 5*v - 5*l - 6 = -9*l. Suppose -c + z = v*c. What is the greatest common factor of 110 and c?
10
Suppose -4*h = 5*f - 1545, -10*h + 15*h + 3*f = 1928. Let t(v) = v**3 - 7*v**2 - 9. Let s be t(8). What is the highest common divisor of h and s?
55
Let m(x) = -44*x + 1149. Let n be m(25). Calculate the greatest common divisor of 504 and n.
7
Suppose -4*m = 3*m + 7*m. Let i be (-432)/(-2) - (m + -6). Calculate the highest common factor of i and 370.
74
Suppose a = -2*q + 16, 7*q - 38 = -3*a + 3*q. Calculate the greatest common divisor of 113 and a.
1
Suppose 0 = -9041*u + 9020*u + 85974. Calculate the greatest common divisor of u and 184.
46
Suppose 2*z - 3*z + 3*a + 22 = 0, -5*z + 40 = 20*a. What is the greatest common factor of z and 146?
2
Let r(c) = 14*c + 14. Let h be -8*(3/(-1) + (-4)/16). Let i be r(h). Calculate the greatest common factor of 42 and i.
42
Suppose 3*y = -93 + 33. Let t be (-210)/4*16/y. Calculate the highest common factor of 56 and t.
14
Let g(c) = 18*c**2 + 309*c - 1604. Let t be g(5). Calculate the highest common factor of t and 272.
17
Suppose -4*m = -8 + 20, n - 5*m - 60 = 0. What is the highest common factor of 825 and n?
15
Let b(n) = -288*n + 976. Let p be b(3). What is the highest common divisor of 7 and p?
7
Let n(d) = 929*d - 841. Let p be n(1). Calculate the greatest common factor of 56 and p.
8
Suppose 3*n - 4992 = -21*n - 24*n. Calculate the highest common divisor of 24 and n.
8
Let g be (-3)/6*-221*30. Suppose 0 = 8*w + 9*w - g. What is the greatest common divisor of w and 45?
15
Let m be 36987/57 - 108/(-1026). Calculate the highest common divisor of m and 177.
59
Let o(u) = 14*u + 344*u**2 - 341*u**2 - 3 + 4 + 2*u**3. Let y be o(-6). Let m = y - -624. Calculate the highest common factor of 31 and m.
31
Let c = -46 - -225. Let i = -87 + c. Let t = -62 + i. Calculate the greatest common divisor of t and 210.
30
Let j = -7641 - -7687. What is the highest common divisor of 299 and j?
23
Let v be (-885)/(-6) + (20/(-8) - -3). Suppose 146*p = v*p - 126. W